 factors of u(-15)?
2, 3
Let b = 59 + -25. Suppose -3*s - 37 - b = -m, 50 = m + 4*s. Let w = m + -26. What are the prime factors of w?
2, 3
Suppose -2006 = -10*j + 3724. List the prime factors of j.
3, 191
Suppose 137 = -3*o - 5*k, -5*o - 87 = k + 112. Let u = o + 124. List the prime factors of u.
5, 17
Suppose -5*c - j + 10 = -4, c - j - 4 = 0. Suppose 0 = r + 4, q + c*r - 46 = 0. What are the prime factors of q?
2, 29
Let d(y) = -14*y**2 + 8*y - 42. Let m(h) = -5*h**2 + 3*h - 14. Let b(n) = -4*d(n) + 11*m(n). Suppose -6*r = -r. List the prime factors of b(r).
2, 7
Suppose -86 = 2*z - 1548. List the prime factors of z.
17, 43
Suppose 7*j - 48*j = -4961. List the prime factors of j.
11
List the prime factors of (-8)/44 + 8474/22.
5, 7, 11
Suppose 11 = 2*k + 5. Suppose n - 12 = 4*h, 4*n - k*h - 100 = -0*h. What are the prime factors of n?
2, 7
Suppose -3*d = -8269 - 1505. List the prime factors of d.
2, 3, 181
Let b(d) = 43*d - 219. What are the prime factors of b(11)?
2, 127
Let p be (4/16*0)/(1 - -2). Suppose -2*f + 96 + 51 = 3*h, p = -3*h + f + 138. What are the prime factors of h?
47
Suppose 3*i = -5*d + 1087, 0*d + 431 = 2*d + 5*i. Suppose 3*q - q - 50 = -k, -4*k + d = -q. Suppose 0 = 5*s - 6*s + k. What are the prime factors of s?
2, 3
Let q(x) = 10*x + 21. Let v(p) = 31*p + 64. Let k(d) = 17*q(d) - 6*v(d). What are the prime factors of k(-10)?
7, 19
Let j(n) = -2*n - 6. Let p be j(-5). Suppose 0 = -5*i + 12 + 88. Let o = i - p. What are the prime factors of o?
2
Let o = 8395 + -4579. What are the prime factors of o?
2, 3, 53
Suppose c - 1893 - 356 = 0. What are the prime factors of c?
13, 173
Suppose 17*v = 13*v + 2172. What are the prime factors of v?
3, 181
Let g be 0 + 2 + -1 + 150. Suppose 3*m + 16 = 4*x - 234, 4*m + 375 = -3*x. Let u = m + g. List the prime factors of u.
61
Suppose -91 = -17*s + 402. Let v be (-1)/(-2)*(1 + 3). Suppose -3*z = -v*z - s. What are the prime factors of z?
29
Let y(n) = 5*n**2 - 4*n - 29. What are the prime factors of y(-11)?
2, 5, 31
Let s = 3 + 42. Let p = -33 + s. List the prime factors of p.
2, 3
Suppose 2*y + 480 = 4*p - 2*y, 3*y - 384 = -3*p. Let q = 376 - p. What are the prime factors of q?
2, 3, 7
Let r be (-5)/3*1*-3. Suppose 2*h + 6*i - 4*i = 14, -r*i = 15. List the prime factors of h.
2, 5
Let w(o) = -2*o - 9. Let y(b) = -3*b**2 + 44*b - 3. Let n be y(15). What are the prime factors of w(n)?
3
Let g be 1/(-6)*4 - (-19)/(-3). What are the prime factors of (g - 1)*4/((-80)/205)?
2, 41
Let q = 73 - 37. Let l = q - 13. What are the prime factors of l?
23
Let q(d) = -15*d + 3. Let k be (61 - 11)*1/2. Let f = k + -28. What are the prime factors of q(f)?
2, 3
Suppose 3*m - 15*m = -8844. What are the prime factors of m?
11, 67
Suppose -28 = 3*u - r, -4*u - r = -6*u - 18. Let g be (-22)/99 + 814*(-3)/(-54). List the prime factors of u*14*(-18)/g.
2, 7
Let t(x) = 2*x**2 - 5*x - 13. Suppose 77 = 8*r - r. What are the prime factors of t(r)?
2, 3, 29
Let c(s) be the second derivative of -7*s**2 + 0 + 4*s - 13/6*s**3. List the prime factors of c(-6).
2
Let v(p) = p + 12. Let o be v(0). Let a(s) = -2*s - 8. Let j be a(-5). Suppose -o - 20 = -j*l. What are the prime factors of l?
2
Let d = 2891 - 1739. What are the prime factors of d?
2, 3
Suppose v - 6 = -2*v. List the prime factors of 1/(1*v/44).
2, 11
Let o(a) = a - 4. Let d be o(8). Suppose 0 = 4*n - 2*t - 206, -2 = d*n + 3*t - 233. What are the prime factors of n?
2, 3
Suppose 1195 = 52*a - 47*a. List the prime factors of a.
239
Let b = 252 + -174. What are the prime factors of b?
2, 3, 13
Let c = 30 + -16. Let s be 1/(-7) - (-100)/c. List the prime factors of s*3*3/9.
7
Suppose -p = 2*d - 2643, 4*d - 4*p + 5*p - 5291 = 0. List the prime factors of d.
2, 331
Let g = -3168 - -4696. List the prime factors of g.
2, 191
What are the prime factors of (-8)/((-64)/1118) + 2/8?
2, 5, 7
Let p = 13 - 13. Suppose 2*n - i - 4 = p, -5*n + i + 0*i = -13. Suppose 0 = -x + 4*q + 66, -5*x + n*q = -x - 199. What are the prime factors of x?
2, 23
Let h = 17 + -13. Let d be h/(-6)*15/10. List the prime factors of 63/(-35)*(-6 - d).
3
Let r(q) = q - 6. Let w be r(12). Suppose -3*v - w*k + 2*k + 160 = 0, 0 = v + k - 55. List the prime factors of v.
2, 3, 5
Let r(v) = 85*v + 41. What are the prime factors of r(13)?
2, 3, 191
Let b be -22*3/((-30)/145). Let c = b - 179. List the prime factors of c.
2, 5, 7
Let i = -197 + 407. Let o = i - 143. List the prime factors of o.
67
Let x(i) = -198*i - 1069. List the prime factors of x(-29).
4673
List the prime factors of ((-140)/(-15) - 2)*24.
2, 11
Let p = 23 - 18. Suppose -2*j = -5*d + j + 387, 0 = -5*d + p*j + 385. List the prime factors of d.
2, 3, 13
Let p be (-150)/(-35) - (-4)/(-14). Suppose 132 = -0*h + p*h. Let w = 62 - h. List the prime factors of w.
29
Let r = 2163 - 1242. What are the prime factors of r?
3, 307
Let p(c) = -6*c - 6. Let m(a) = 4*a + 4. Let y(u) = 8*m(u) + 5*p(u). Let l be y(2). What are the prime factors of 40/15*l/2?
2
What are the prime factors of (-4)/12 - 2000/(-6)?
3, 37
Suppose 3*o + 2*a = 5329, -11*o = -13*o - 3*a + 3551. List the prime factors of o.
1777
Suppose 2*r - 80 = -82. What are the prime factors of ((91 + 0)/r)/(-4 + 3)?
7, 13
Let b(l) = 2*l**2 + l + 98. What are the prime factors of b(0)?
2, 7
Let x(y) = -18*y - 36. Let b be x(-18). What are the prime factors of (b/90)/(2/10)?
2
Suppose f + 14 = 5*w - 51, 5*f - 4*w + 241 = 0. Let x = 0 - -80. Let d = f + x. List the prime factors of d.
5, 7
Suppose -3*s + 5*r = -1204, 0*s = -2*s - 4*r + 832. Suppose -10*c - s = -13*c. What are the prime factors of c?
2, 17
Suppose w - 905 + 226 = 0. List the prime factors of w.
7, 97
What are the prime factors of 96/288 + (-2404)/(-6) + 2?
13, 31
Let t = 42 - 68. Let m = t + 107. List the prime factors of m.
3
Suppose 0 = v + 5*b - 558, -1656 = -3*v + 7*b - 4*b. What are the prime factors of v?
7, 79
Let h = -11 - 1. Let v(m) be the second derivative of -m**5/20 - 11*m**4/12 + 5*m**3/3 + m**2/2 + 34*m. What are the prime factors of v(h)?
5
List the prime factors of (-4 + 3)/(6/(-3510)).
3, 5, 13
Suppose 0 = -2*u + 19 + 3. Let d(p) = p**3 - 8*p**2 - 25*p - 1. List the prime factors of d(u).
3, 29
Let a = 4360 + -2344. What are the prime factors of a?
2, 3, 7
Let v = 1187 + -672. List the prime factors of v.
5, 103
Let i = -60 - -58. What are the prime factors of (2055/10)/(-1)*i/3?
137
Suppose 7*o = 2207 + 187. What are the prime factors of o?
2, 3, 19
Let y be -4*(21/(-6) - -2). Let h be (37/3)/((-2)/y). Let o = h + 61. List the prime factors of o.
2, 3
List the prime factors of 2271 + 13/((-65)/50).
7, 17, 19
Let d(v) be the first derivative of 65*v**2/2 - 2*v + 11. What are the prime factors of d(1)?
3, 7
Suppose 0 = 37*l - 39*l + 942. List the prime factors of l.
3, 157
Let k(i) = 8*i - 12 + 10 - 41 - 1. List the prime factors of k(18).
2, 5
Suppose -3*l - 3 = -2*l + 4*a, -4*a - 23 = -3*l. Let h be 2/(-5) + 22/l. What are the prime factors of 12/(-9)*(-42)/h?
2, 7
Let m = -360 + 524. What are the prime factors of m?
2, 41
Suppose 12*k - 2009 = 5*k. Suppose 0 = 5*l - 5*g - 192 - 103, k = 5*l - 3*g. What are the prime factors of l?
5, 11
Suppose 213 = -4*c + 13. Suppose 2*d + 4*n + 0 = 10, -d = 3*n - 2. Let h = d - c. List the prime factors of h.
61
Let o be 6/9*(-3 - 6). Let a = 6 + o. Suppose 2*q - 3*i - 63 = -a*q, -3*q = 2*i - 88. List the prime factors of q.
2, 3, 5
Let r(a) = -2*a**3 + 52*a**2 + 35. Let c be r(26). Let l = c - -17. List the prime factors of l.
2, 13
Suppose 0 = -0*o + o - 20. Let w = -141 - -156. List the prime factors of ((-6)/w)/((-1)/o).
2
What are the prime factors of 2 + ((-3)/2 - (-26838)/36)?
2, 373
Suppose 14*i - 15*i + 125 = 0. Suppose -597 = -4*d - i. List the prime factors of d.
2, 59
Suppose 4*f + d - 1527 = 0, -5*f + 1715 = -d - 187. List the prime factors of f.
3, 127
Let r(n) = -n**3 + 15*n**2 - 12*n - 2. What are the prime factors of r(13)?
2, 3, 5
Let i = -19 + 37. Suppose 0 = -s + 5*d - i, -2*s + 6*s + 144 = 2*d. Let u = 53 + s. What are the prime factors of u?
3, 5
Let d be (7 + -3 + -2)*-3. Let m = 55 - d. What are the prime factors of m?
61
Let i be (-2)/(-5) - (-8)/(-20). Let l = 149 + -66. Suppose l = 5*j - 3*m - i*m, 3*m - 31 = -j. What are the prime facto